factors of 241652552?
2, 17, 127, 823
What are the prime factors of 978261923?
17, 89, 646571
List the prime factors of 5383461952.
2, 11, 79, 96797
List the prime factors of 2401006024.
2, 157, 773, 2473
List the prime factors of 816408851.
23, 41, 865757
List the prime factors of 3364585285.
5, 672917057
What are the prime factors of 204355502?
2, 13, 103, 137, 557
List the prime factors of 475080376.
2, 239, 248473
What are the prime factors of 10111731?
3, 7, 191, 2521
What are the prime factors of 94995452?
2, 241, 98543
List the prime factors of 373572521.
7, 7623929
What are the prime factors of 257469686?
2, 73, 1763491
What are the prime factors of 402841334?
2, 7, 28774381
List the prime factors of 114766189.
6131, 18719
List the prime factors of 62117789.
1307, 47527
List the prime factors of 59437162.
2, 463, 64187
List the prime factors of 373567227.
3, 11, 19, 595801
List the prime factors of 11199988.
2, 23, 67, 79
What are the prime factors of 155598313?
13, 11969101
List the prime factors of 181562974.
2, 19, 47, 277, 367
What are the prime factors of 2588?
2, 647
What are the prime factors of 15588943?
53, 294131
What are the prime factors of 4363974178?
2, 2181987089
What are the prime factors of 128523233?
41, 3134713
List the prime factors of 14106444.
2, 3, 11, 106867
List the prime factors of 2370920604.
2, 3, 13, 257, 4549
What are the prime factors of 90851038?
2, 45425519
What are the prime factors of 97306184?
2, 769, 15817
What are the prime factors of 374290001?
31, 12073871
What are the prime factors of 209073154?
2, 3037, 34421
What are the prime factors of 77653059?
3, 11, 17, 97, 1427
List the prime factors of 151965383.
7243, 20981
What are the prime factors of 2425848926?
2, 1787, 678749
What are the prime factors of 19905057?
3, 131, 16883
What are the prime factors of 398762304?
2, 3, 503, 4129
List the prime factors of 289917889.
367, 789967
List the prime factors of 2800960.
2, 5, 8753
What are the prime factors of 62845521?
3, 19, 1102553
List the prime factors of 114002671.
114002671
List the prime factors of 494247732.
2, 3, 11, 17, 20023
List the prime factors of 591586.
2, 53, 5581
What are the prime factors of 33243651?
3, 7, 157, 3361
List the prime factors of 655328398.
2, 327664199
What are the prime factors of 12276098?
2, 1697, 3617
What are the prime factors of 39657367?
67, 591901
List the prime factors of 2739334159.
2739334159
List the prime factors of 58449448.
2, 233, 31357
List the prime factors of 118901495.
5, 131, 167, 1087
What are the prime factors of 1475937430?
2, 5, 11, 1219783
List the prime factors of 22747137.
3, 7, 1019, 1063
List the prime factors of 52708355.
5, 7, 1505953
What are the prime factors of 98057221?
98057221
List the prime factors of 48478012.
2, 11, 1101773
What are the prime factors of 47530161?
3, 7, 31, 24337
List the prime factors of 323769931.
7213, 44887
List the prime factors of 137881301.
137881301
What are the prime factors of 18724661?
457, 40973
List the prime factors of 139539222.
2, 3, 7752179
List the prime factors of 500303090.
2, 5, 7, 61, 117167
What are the prime factors of 1684931715?
3, 5, 37, 181, 5591
What are the prime factors of 169001523?
3, 19, 988313
What are the prime factors of 917122740?
2, 3, 5, 15285379
What are the prime factors of 126276722?
2, 11, 13, 441527
List the prime factors of 386486853.
3, 311, 414241
What are the prime factors of 104839892?
2, 31, 47, 17989
What are the prime factors of 91875173?
13, 1061, 6661
List the prime factors of 3350403175.
5, 7, 2735023
List the prime factors of 930403623.
3, 6691, 46351
List the prime factors of 360008848.
2, 83, 173, 1567
What are the prime factors of 1658752862?
2, 13, 63798187
What are the prime factors of 383747795?
5, 76749559
What are the prime factors of 629512029?
3, 69945781
What are the prime factors of 27829874?
2, 13914937
List the prime factors of 329598721.
59, 5586419
List the prime factors of 1907248090.
2, 5, 11, 23, 433, 1741
List the prime factors of 47112671.
23, 181, 11317
What are the prime factors of 786607037?
786607037
What are the prime factors of 53816718?
2, 3, 1283, 6991
List the prime factors of 49778739.
3, 23, 71, 1129
What are the prime factors of 187656883?
29, 67, 96581
List the prime factors of 351612765.
3, 5, 7, 19, 19583
List the prime factors of 163393574.
2, 81696787
What are the prime factors of 247855352?
2, 191, 162209
List the prime factors of 69149056.
2, 19, 28433
What are the prime factors of 953973347?
7019, 135913
What are the prime factors of 116200228?
2, 1091, 26627
List the prime factors of 2497530686.
2, 7, 31, 61, 13477
What are the prime factors of 1220703887?
13, 17, 19, 67, 4339
What are the prime factors of 1908738351?
3, 13, 37, 48991
What are the prime factors of 1376603950?
2, 5, 27532079
What are the prime factors of 243379011?
3, 43, 1886659
List the prime factors of 38264803.
19, 2013937
List the prime factors of 31385584.
2, 863, 2273
List the prime factors of 2101928176.
2, 3023, 43457
List the prime factors of 26679464.
2, 7, 476419
What are the prime factors of 38828483?
941, 41263
List the prime factors of 195801905.
5, 13, 3012337
List the prime factors of 672133756.
2, 7, 3049, 7873
List the prime factors of 7041121989.
3, 11, 43, 643, 7717
List the prime factors of 47202806.
2, 7, 367, 9187
List the prime factors of 335505406.
2, 167752703
List the prime factors of 475960957.
475960957
List the prime factors of 1450998115.
5, 7, 83, 499483
List the prime factors of 373086105.
3, 5, 7, 23, 154487
List the prime factors of 92096025.
3, 5, 7, 23, 29, 263
List the prime factors of 287689843.
7, 41098549
List the prime factors of 117145700.
2, 5, 7, 37, 4523
List the prime factors of 164776433.
61, 281, 9613
What are the prime factors of 2691525959?
19, 141659261
What are the prime factors of 1469380509?
3, 41, 1319, 3019
List the prime factors of 1142559617.
1142559617
List the prime factors of 103309356.
2, 3, 61, 107, 1319
List the prime factors of 1628896791.
3, 101, 167, 32191
List the prime factors of 1586856886.
2, 151, 5254493
List the prime factors of 2209674813.
3, 736558271
What are the prime factors of 2798033172?
2, 3, 11, 21197221
List the prime factors of 435996584.
2, 4201, 12973
What are the prime factors of 1266253649?
47, 257, 104831
List the prime factors of 2976387.
3, 992129
What are the prime factors of 44812754?
2, 7, 19, 41, 587
What are the prime factors of 85264864?
2, 23, 115849
List the prime factors of 2024264546.
2, 23, 41, 1073311
What are the prime factors of 16030941?
3, 5343647
List the prime factors of 382781310.
2, 3, 5, 12759377
What are the prime factors of 428816867?
827, 518521
What are the prime factors of 19301657?
19301657
What are the prime factors of 351188512?
2, 47, 239, 977
List the prime factors of 91205086.
2, 7, 6514649
List the prime factors of 1526954998.
2, 37, 227, 90901
What are the prime factors of 4867324472?
2, 608415559
List the prime factors of 174317361.
3, 1283, 45289
What are the prime factors of 33935358?
2, 3, 5655893
List the prime factors of 245291864.
2, 127, 241429
List the prime factors of 138598375.
5, 59, 18793
List the prime factors of 1838011897.
757, 2428021
List the prime factors of 4179117283.
11, 47, 149, 54251
What are the prime factors of 521726727?
3, 173908909
List the prime factors of 37346100.
2, 3, 5, 11, 11317
What are the prime factors of 37613035?
5, 853, 8819
What are the prime factors of 85641116?
2, 11, 1946389
What are the prime factors of 5079914399?
7, 1013, 716389
What are the prime factors of 136481731?
19, 53, 135533
List the prime factors of 9673096.
2, 109, 11093
What are the prime factors of 69523357?
107, 649751
What are the prime factors of 67379584?
2, 73, 7211
List the prime factors of 742761222.
2, 3, 7, 103, 171697
What are the prime factors of 7713679?
853, 9043
List the prime factors of 96582478.
2, 48291239
What are the prime factors of 159860162?
2, 7, 11, 787, 1319
List the prime factors of 79744887.
3, 23, 601, 641
What are the prime factors of 3857600309?
3857600309
List the prime factors of 193507324.
2, 19, 2546149
List the prime factors of 2197166414.
2, 1098583207
What are the prime f